ions digit of 1397913903?
3
What is the tens digit of 194432495?
9
What is the hundreds digit of 1849513842?
8
What is the units digit of 22059368?
8
What is the tens digit of 493116842?
4
What is the hundred millions digit of 121728274?
1
What is the units digit of 57231971?
1
What is the hundreds digit of 40144659?
6
What is the billions digit of 1390235014?
1
What is the hundreds digit of 59846559?
5
What is the ten millions digit of 399025911?
9
What is the tens digit of 32979190?
9
What is the hundred thousands digit of 750983764?
9
What is the millions digit of 6848120507?
8
What is the units digit of 5197596930?
0
What is the ten millions digit of 46212381?
4
What is the thousands digit of 2846221383?
1
What is the units digit of 2722249222?
2
What is the tens digit of 127127305?
0
What is the millions digit of 70960167?
0
What is the hundred thousands digit of 66744888?
7
What is the tens digit of 312515064?
6
What is the units digit of 111787407?
7
What is the ten thousands digit of 234837873?
3
What is the tens digit of 300740526?
2
What is the tens digit of 62782024?
2
What is the units digit of 3659333823?
3
What is the units digit of 166054456?
6
What is the hundred millions digit of 964633202?
9
What is the hundred millions digit of 399056618?
3
What is the millions digit of 611785302?
1
What is the hundreds digit of 308890321?
3
What is the ten millions digit of 49745948?
4
What is the hundred millions digit of 758232967?
7
What is the thousands digit of 2025554386?
4
What is the units digit of 379051118?
8
What is the ten thousands digit of 807893623?
9
What is the ten thousands digit of 187551563?
5
What is the ten millions digit of 1433393687?
3
What is the hundred thousands digit of 26415033?
4
What is the hundreds digit of 74779735?
7
What is the hundreds digit of 111824396?
3
What is the millions digit of 111528516?
1
What is the units digit of 8632358?
8
What is the thousands digit of 102824780?
4
What is the millions digit of 27900621?
7
What is the thousands digit of 367017739?
7
What is the ten millions digit of 834314245?
3
What is the ten millions digit of 825052546?
2
What is the units digit of 6985639?
9
What is the billions digit of 3907760365?
3
What is the millions digit of 90790299?
0
What is the millions digit of 178410590?
8
What is the units digit of 118088091?
1
What is the ten millions digit of 2289223246?
8
What is the thousands digit of 24262406?
2
What is the hundred thousands digit of 246006011?
0
What is the thousands digit of 92645470?
5
What is the thousands digit of 2700340873?
0
What is the millions digit of 99697670?
9
What is the ten thousands digit of 431254463?
5
What is the hundreds digit of 1647427340?
3
What is the tens digit of 40727510?
1
What is the billions digit of 3124780067?
3
What is the ten thousands digit of 641220025?
2
What is the ten thousands digit of 23994322?
9
What is the hundred thousands digit of 1917768?
9
What is the hundreds digit of 1708839886?
8
What is the hundreds digit of 65777322?
3
What is the thousands digit of 46319182?
9
What is the units digit of 30053409?
9
What is the hundred thousands digit of 139283978?
2
What is the ten thousands digit of 724080854?
8
What is the hundred thousands digit of 583149556?
1
What is the units digit of 433372641?
1
What is the ten thousands digit of 266377116?
7
What is the hundreds digit of 245585867?
8
What is the hundred thousands digit of 16932145?
9
What is the ten millions digit of 34781299?
3
What is the thousands digit of 621761725?
1
What is the hundreds digit of 489198254?
2
What is the thousands digit of 69560373?
0
What is the ten thousands digit of 4056174?
5
What is the units digit of 3736873100?
0
What is the thousands digit of 23684306?
4
What is the ten millions digit of 198956249?
9
What is the hundred thousands digit of 301158107?
1
What is the units digit of 142438939?
9
What is the hundreds digit of 547237677?
6
What is the ten millions digit of 47294921?
4
What is the hundreds digit of 51139121?
1
What is the hundreds digit of 29175210?
2
What is the ten thousands digit of 1498384245?
8
What is the millions digit of 301750047?
1
What is the hundred millions digit of 439858249?
4
What is the hundreds digit of 20056851?
8
What is the hundreds digit of 1057490494?
4
What is the ten thousands digit of 379329858?
2
What is the units digit of 2095646542?
2
What is the units digit of 62453733?
3
What is the hundred thousands digit of 117017118?
0
What is the units digit of 263227238?
8
What is the ten millions digit of 1694835254?
9
What is the hundreds digit of 236750150?
1
What is the ten thousands digit of 97779405?
7
What is the millions digit of 23630415?
3
What is the units digit of 804870790?
0
What is the thousands digit of 1240273817?
3
What is the units digit of 80731298?
8
What is the tens digit of 26888063?
6
What is the ten millions digit of 23479469?
2
What is the tens digit of 1170884176?
7
What is the ten millions digit of 29484176?
2
What is the millions digit of 547020441?
7
What is the thousands digit of 3869767189?
7
What is the hundreds digit of 52692350?
3
What is the ten millions digit of 177656678?
7
What is the ten thousands digit of 689482526?
8
What is the units digit of 641800265?
5
What is the hundred thousands digit of 492436989?
4
What is the hundred thousands digit of 151636789?
6
What is the hundred millions digit of 665014893?
6
What is the hundred millions digit of 905653528?
9
What is the hundreds digit of 5289160084?
0
What is the units digit of 691291596?
6
What is the hundred thousands digit of 825775013?
7
What is the hundreds digit of 1649730648?
6
What is the tens digit of 187891063?
6
What is the hundreds digit of 22052923?
9
What is the hundred millions digit of 227423344?
2
What is the units digit of 627630176?
6
What is the hundred millions digit of 110035037?
1
What is the hundred millions digit of 917700575?
9
What is the hundred thousands digit of 1455633677?
6
What is the hundred thousands digit of 1075255821?
2
What is the ten thousands digit of 60601873?
0
What is the thousands digit of 5188967130?
7
What is the thousands digit of 1346169953?
9
What is the tens digit of 1822173567?
6
What is the ten millions digit of 150745628?
5
What is the ten thousands digit of 241098945?
9
What is the billions digit of 5687469819?
5
What is the tens digit of 164708616?
1
What is the billions digit of 5487439029?
5
What is the ten millions digit of 219122791?
1
What is the tens digit of 47406860?
6
What is the thousands digit of 26018621?
8
What is the thousands digit of 22174455?
4
What is the thousands digit of 57647432?
7
What is the tens digit of 4400861257?
5
What is the hundred thousands digit of 545609059?
6
What is the millions digit of 248620633?
8
What is the hundred thousands digit of 22868097?
8
What is the thousands digit of 2852373011?
3
What is the hundred millions digit of 585326209?
5
What is the hundreds digit of 305831270?
2
What is the millions digit of 18353390?
8
What is the hundred thousands digit of 1134624986?
6
What is the ten thousands digit of 43812435?
1
What is the ten thousands digit of 1047147649?
4
What is the thousands digit of 87849645?
9
What is the ten thousands digit of 91865382?
6
What is the hundreds digit of 654396077?
0
What is the ten thousands digit of 14640154?
4
What is the hundred thousands digit of 59609207?
6
What is the ten millions digit of 370690896?
7
What is the hundreds digit of 319312?
3
What is the ten thousands digit of 1673504542?
0
What is the tens digit of 507428?
2
What is the ten thousands digit of 90438247?
3
What is the hundred thousands digit of 2139856472?
8
What is the thousands digit of 21497733?
7
What is the hundreds digit of 103742158?
1
What is the ten millions digit of 30550000?
3
What is the hundreds digit of 48669530?
5
What is the ten thousands digit of 618664127?
6
What is the units digit of 734360007?
7
What is the tens digit of 5665200946?
4
What is the thousands digit of 100175224?
5
What is the ten millions digit of 26659223?
2
What is the hundred millions digit of 289842546?
2
What is the hundreds digit of 1646103088?
0
What is the hundreds digit of 1566001244?
2
What is the units digit o